27))/(4/(-6)). Let i(d) = -40*d + 2. What is the units digit of i(n)?
2
Let y = 7 + 1. Let w be 42/y - (-3)/4. Suppose 4*l = -4*k + 208, k = w*l - l - 254. What is the units digit of l?
1
Suppose 0 = 2*s + 4*n - 174, 93 = 2*s + 2*n - 79. Suppose 3*j + s = 298. What is the units digit of j?
1
Let q(i) be the third derivative of -i**4/8 + 85*i**3/2 + 10*i**2. What is the tens digit of q(0)?
5
Suppose 8*j - 12 = 10*j. Let n be 4/(2*j)*-9. Suppose 25 = -5*v, -3*r - 2*r = n*v - 390. What is the tens digit of r?
8
Let u be 34*6/28 - (-14)/(-49). Let i(c) be the third derivative of -c**6/120 + 7*c**5/60 + 3*c**4/8 - 5*c**3/3 + c**2. What is the tens digit of i(u)?
5
Let h = -41 + 43. What is the tens digit of (h - 1) + 21 - -2?
2
Suppose 2*g + 3*g - 25 = 0. Let n(m) = 2*m + 9. What is the units digit of n(g)?
9
Let j(l) = -7*l**2 + 3*l + 5. Let y be j(-8). Let f = -175 - y. What is the units digit of f?
2
Let t = 522 - 295. What is the hundreds digit of t?
2
Suppose 2*c = 6*c - 616. What is the units digit of -4 + c/21 - 2/6?
3
Let o(t) = 14*t**2 + 2*t - 2. Suppose -6 = -n + k, 3*n - 14 + 4 = k. What is the units digit of o(n)?
8
Let b(f) = -48*f - 5. Let n = 56 + -58. What is the tens digit of b(n)?
9
Suppose 50 = 3*b - 2*s, -3*b = -6*b + s + 52. Let o = 16 - b. Let a(z) = -z**3 - 2*z**2 - z. What is the units digit of a(o)?
2
Let a(h) = h - 3. Let r be a(3). What is the tens digit of (-3 - (-2 - r)) + 60*3?
7
Suppose 34*p - 122*p + 428912 = 0. What is the hundreds digit of p?
8
Let z = 773 + 1216. What is the hundreds digit of z?
9
Suppose -2*p + 25 = 5*t - 180, 4*p - 437 = -t. Suppose 88 = -4*o - 3*d, p = -5*o + 2*d + 3*d. What is the tens digit of -1*(o - 3/1)?
2
Suppose -v = -2*i - 0*v - 9, -5*i - 6 = 3*v. What is the tens digit of (36 - i)*((-4)/(-12))/1?
1
What is the hundreds digit of (-6)/10 - ((-19791)/15)/9?
1
Suppose 0 = -4*g + y - 667, -3*y - 509 = 3*g - 2*y. Let m = 237 + g. What is the tens digit of m?
6
Let s(n) = -31*n + 1. Let z be s(1). Let y = z - -89. What is the units digit of y?
9
Let x(y) = 5*y + 58. What is the units digit of x(8)?
8
Let r = -9 + 14. Suppose k = r*d + 136, -k + 6*k = -2*d + 545. Suppose 4*l + 27 = k. What is the units digit of l?
1
Suppose -4*s + 1912 = a, 10*s - 2*a = 15*s - 2390. What is the tens digit of s?
7
What is the tens digit of 409 - (-1 - (-7 + 4 - 2))?
0
Let n = -12 + 15. Suppose -2*v - 3*f + 22 = 0, 2*v + n*v = 3*f + 13. What is the units digit of v?
5
Suppose 0 = -w + 3*y + 1409, -4*w - 5*y = -2*y - 5651. What is the thousands digit of w?
1
Let n be 28/8 - -6*(-1)/4. Suppose 4*x - 3*x + n*p = 14, -2*x - 2*p = -18. What is the units digit of x?
4
Let m(v) = -2*v**3 + 45*v**2 - 5*v - 2. What is the hundreds digit of m(22)?
3
Let m(v) = 3*v**2 + 29*v - 228. What is the hundreds digit of m(-28)?
3
Suppose 0 = 3*s + 4*k - 4294, 31*s - 34*s = -k - 4289. What is the hundreds digit of s?
4
Let k(c) = -6*c + 2. Let p be k(3). Let y = -25 - p. What is the units digit of 28/6 + 6/y?
4
Let p be 16 + (1 - 1) + 36/(-12). Let o(h) = 9*h + 51. What is the units digit of o(p)?
8
Let f(k) = -3*k**2 - 2*k + 372. What is the hundreds digit of f(0)?
3
Let u(d) = d**2 - 3*d + 3. Suppose -4*r + 3*m - 5*m = -32, r - 8 = -m. What is the tens digit of u(r)?
4
Suppose -6460 = 37*c - 54*c. What is the units digit of c?
0
Suppose 0 = 4*a - 3*o - 1844, 96*o - 101*o = 5*a - 2270. What is the hundreds digit of a?
4
Suppose 0 = -w + 3*n + 321, -3*w + 5*n = -w - 644. Let m = -124 + w. What is the hundreds digit of m?
2
Let h = 13 + -11. What is the tens digit of (-140)/(-21)*9/h?
3
Let w be -2*(-2 - (-38)/(-4)). Suppose 5*p = w - 8. Suppose 2*f = f + 4*y + 39, -p*f - y + 52 = 0. What is the units digit of f?
9
Let m = -20 + 17. Let n(y) = -2*y**2 - 2*y + 2. Let s be n(m). Let d = 31 + s. What is the tens digit of d?
2
Let h(g) = -30*g**2 + g. Let t be h(-1). Let d = t + 116. What is the tens digit of d?
8
Let i = 530 - 124. Let m = -265 + i. What is the units digit of m?
1
Let v = 15 + -9. Suppose 4*g - 46 = -4*k + 2*g, k + 4*g + v = 0. Let f = k + 5. What is the units digit of f?
9
Suppose -9 = -b - 4. Suppose 3*j = -2*j - b*v + 35, 5*v = -3*j + 25. Suppose 3*c + j*g - 9 = 54, -4*c + 76 = 4*g. What is the units digit of c?
6
Let x = -120 - -117. Suppose 0 = -2*v - 2*v - 272. What is the units digit of 3*(v/x - 4)?
6
Suppose 5*r = 10 + 10. Suppose -r*d + 114 = -90. What is the units digit of d?
1
Let u = -24 - -35. Let i(o) = o**3 - 11*o**2 - o + 13. Let f be i(u). Suppose -3*b = f*n - b - 88, n - 39 = 4*b. What is the tens digit of n?
4
Let l(v) = v**2 + 5*v + 10. Let f be l(-2). Suppose 2*y - 458 = -4*z, 4*z = -f*y - 0*y + 460. What is the tens digit of z?
1
Suppose m - 3*l - 16 + 5 = 0, 0 = m - l - 19. Let o = -18 + m. Let p(t) = 2*t**2 - 7*t - 1. What is the tens digit of p(o)?
1
Let v(k) be the first derivative of k**3/3 + 11*k**2/2 - 18*k - 2. What is the tens digit of v(6)?
8
Let g be (-20)/(-15) + (-4)/(-6). Let v = 148 - 156. What is the units digit of 8/g + 10 + v?
6
Let w(z) = z**3 - z**2 - 2*z - 1. Let g be w(-1). What is the tens digit of 52*2*g/(-2)?
5
What is the tens digit of (1386/(-15))/(1/(-5))?
6
Suppose -4*d + 5*b + 183 = 0, 48 = 5*d + b - 159. Suppose d = 2*k - 26. What is the units digit of k?
4
Let z(u) = -2*u**2 + 28*u + 10. Let c be z(14). What is the hundreds digit of 1325/c*(-4)/(-5)?
1
What is the tens digit of (4 - 5)*1*-318?
1
Let i(m) = 24*m + 1. Let w be i(-2). Let y = w - -66. What is the tens digit of y?
1
Let t be 3 + -6*2/(-3). Suppose -11*k + 112 = -t*k. What is the units digit of k?
8
Let l = -175 - -189. Suppose -16 = -4*p + 60. Let s = p - l. What is the units digit of s?
5
Let s be (9 - 10)/(2/(-10)). Suppose -5*y + 20 = -s*m, 2*y = m - 0*m + 4. Suppose j - 4*l + 11 = 0, y*l + 4*l - 20 = 0. What is the units digit of j?
9
What is the units digit of ((-447)/(-6))/((-22)/(-88))?
8
Let t be (-3)/(-2)*28/21. Let d(f) = 5*f**2 - 1. What is the tens digit of d(t)?
1
Suppose 3*n = -3*b + n + 583, -n + 581 = 3*b. Suppose 0 = 3*l + 11 + b. Let h = l + 128. What is the tens digit of h?
6
Suppose 3*p + 18 = 2*t - 56, 4*p + 100 = 2*t. Let q = p - -159. What is the tens digit of q?
3
Let c be 0 + (-3 - (-12)/(-3)). Let d(h) = 2*h + 31. What is the tens digit of d(c)?
1
Suppose 7*m = -12*m + 7087. What is the hundreds digit of m?
3
What is the hundreds digit of (-22)/33 - (-6846)/9?
7
Let l be (-602)/(-35) + 8/10. Suppose -3*j = z - 45, 3*z - 2*j + 3*j = 135. What is the tens digit of (l/z)/((-2)/(-120))?
2
Let l(s) = s**2 - 3. Let u be l(-3). Let m = u - -3. Let a = 31 - m. What is the units digit of a?
2
Let q(a) = -26*a**2 + 2*a + 1. Let o be q(-3). Let w = -153 - o. What is the tens digit of w?
8
Suppose -24256 = 18*o - 26*o. What is the units digit of o?
2
Let y(n) = 45*n**2 - 3*n - 2. Let m(l) be the first derivative of -89*l**3/3 + 3*l**2 + 4*l - 10. Let f(g) = 2*m(g) + 5*y(g). What is the units digit of f(-1)?
8
Let f(s) = -12*s**2 - 8*s + 11. Let i(d) = d**2 + d - 1. Let r(x) = -f(x) - 6*i(x). Let q(g) = -g**2 + 10*g + 8. Let y be q(11). What is the tens digit of r(y)?
4
Suppose -5*i + 6*i = 148. What is the tens digit of i?
4
Suppose -24*t = 43*t - 120868. What is the hundreds digit of t?
8
Let h = -1251 + 3499. What is the units digit of h?
8
Suppose -4*a - 20 = 0, -4*q = -2*q + 2*a + 2. Let j = 288 - 193. Suppose 3*c - j = 2*g, 2*g - q*g = -c + 37. What is the tens digit of c?
2
Let t(z) = -4 - 3*z**3 + 8*z**2 + 2*z**3 + 15 - 3 - 7*z. Let p be 4/10 + 33/5. What is the units digit of t(p)?
8
Let k = -125 + 116. What is the tens digit of k*11*1/3*-1?
3
Suppose h = -2*h - 180. Suppose -d + 3*z - 17 = -0*d, -4*z = 5*d + 9. What is the tens digit of (-233)/d - 24/h?
4
Suppose 0*w - 42 = -3*w. Suppose -w = -3*r + 1. Suppose 3*m = 3*i - 9, i + r*m - 2 = 19. What is the units digit of i?
6
Let t(z) be the first derivative of -5*z**4/4 + 4*z**3/3 + 3*z**2/2 + 7*z - 5. What is the units digit of t(-3)?
9
Let c = -2344 + 4204. What is the tens digit of c?
6
Suppose 3*x = -4*s + 165 + 2299, 3*x + s - 2470 = 0. What is the tens digit of x?
2
Let z be 8/20 - 4826/(-10). Suppose -702 - z = -15*x. What is the units digit of x?
9
Let f(d) be the second derivative of 7*d - 7*d**2 + 0 - 1/3*d**3. What i